prime factors of x(-1).
2, 7, 13
Let j = -3285 - -9285. List the prime factors of j.
2, 3, 5
Suppose g = -5*f + 18, -g + 43 = -5*f + 5. Suppose 23*j - g*j = -1620. Suppose -4*n - 4*o = -j, 0 = 3*n - 0*n + o - 237. What are the prime factors of n?
2, 3, 13
List the prime factors of (440/50)/(-11) + 55358/10.
3, 5, 41
Let z = -5 + 7. Suppose -31 = -3*d + 4*v, -6*d + 16 = -4*d + 2*v. Let y = z + d. What are the prime factors of y?
11
Let t = -359 + 369. Suppose t*u - 832 = 3508. List the prime factors of u.
2, 7, 31
Let w(f) = f**3 - 5*f**2 + 3*f + 4. Let s(p) be the first derivative of p**3/3 + 5*p**2/2 - p - 5. Let g be s(-6). List the prime factors of w(g).
19
Let o(x) = x**3 + 21*x**2 - 15*x + 19. Let b(g) = g + 1. Let f(y) = 4*b(y) - o(y). List the prime factors of f(-23).
2, 3, 101
Let h(q) = 2*q**2 + 3 + 15*q + 0*q - 8*q + 2*q**2. What are the prime factors of h(-7)?
2, 3, 5
Suppose 5*v - 29 = -14. Suppose -18*l + 5670 = v*l. List the prime factors of l.
2, 3, 5
Suppose 39*m = 28*m + 3586. Let j = m - 86. List the prime factors of j.
2, 3, 5
Let b(p) be the third derivative of p**6/120 + 11*p**5/60 + p**4/6 - 30*p**2. Suppose 0*n + 2*n = -20. What are the prime factors of b(n)?
2, 3, 5
Let o(p) = -3*p + 2. Let x be o(0). Let h(k) = -1 + 13*k**2 - 7*k**2 - 3*k + 11*k**2 + x*k. List the prime factors of h(-2).
3, 23
Suppose -71*c + 81*c + 16700 = 0. Let l = -1013 - c. List the prime factors of l.
3, 73
Let w(v) = 2*v**2 + 6*v - 3. Let z be w(-4). Suppose -z*q - 5*g = -865, -4*q + 8*g + 701 = 3*g. What are the prime factors of q?
2, 3, 29
Let z(l) = 5*l + 28. Let x be z(-5). Suppose 5*r - 3*v - 12 = 1903, -2*r + x*v + 757 = 0. What are the prime factors of r?
2, 193
Let d(u) = 10*u - 67. Let i be d(6). Let p(t) = -67*t - 2. List the prime factors of p(i).
467
Suppose -1161 = -4*b - 0*b + 3*k, 3*b - 876 = -3*k. Let c = 315 + b. Let w = -429 + c. List the prime factors of w.
3, 59
Suppose -171*l = 188346 - 1433397. List the prime factors of l.
3, 809
Suppose 16 = 7*h + 2. Suppose 4*k = -h*v + 14, 0 = -v + 4*k - k - 3. Suppose o = -3, 4*p = v*p + 3*o + 12. List the prime factors of p.
3
Suppose 2950112 = 98*x + 174*x. What are the prime factors of x?
2, 11, 17, 29
Suppose 3*m = -2*f + 6191 + 4402, -m + 4*f + 3531 = 0. Let r = m + -1602. List the prime factors of r.
3, 643
Suppose -5*u + 22 - 2 = 0. Let j be (0*2/(-6))/u. Suppose 5*o = -2*f + 29, j = -5*o + 1 - 6. List the prime factors of f.
17
Let t = -510 - -348. Let q = -30 - t. Suppose 0 = 3*h - 0*h - q. List the prime factors of h.
2, 11
Let t be 2/(-3) - (-3664)/6. Let s = t - 355. What are the prime factors of s?
3, 5, 17
Let q be 18/(-27)*3/5*-5. Let g(x) = 0*x - 6*x**3 - 3*x + 0*x - 4*x**q - 1 - 2. What are the prime factors of g(-3)?
2, 3, 11
Suppose w - 2 = 2*w, c + 5*w = -9. What are the prime factors of 0 + (645/5)/c?
3, 43
Let s = 622 - 272. Suppose -l + s = -0*l. What are the prime factors of l?
2, 5, 7
Let f(h) be the second derivative of h**4/6 - h**3/3 + 151*h**2 - 33*h. Let x be f(0). Let s = x + -104. List the prime factors of s.
2, 3, 11
Let p = -5219 + 12405. What are the prime factors of p?
2, 3593
Let v(q) = -q**3 - 9*q**2 - 2*q - 11. Let y be v(-9). Let b be 68/119 - (-31)/y. Suppose h = b*i - 978, 3*h + 974 = i + 4*i. List the prime factors of i.
2, 7
Let a be (4/(-18))/(6/(-54)). Suppose y + q + 4 = 0, y - 4*q - 14 - a = 0. Suppose -4*h + j + 352 = y, 0*h + 5*j - 376 = -4*h. List the prime factors of h.
89
Let g(d) = 6*d**3 - 5*d**2 + 8*d - 5. Let k = -72 + 76. List the prime factors of g(k).
331
Let c = -189 - 527. Let u = c + 1024. What are the prime factors of u?
2, 7, 11
Let d = 642 + -536. Suppose -72*m = -d*m + 36890. What are the prime factors of m?
5, 7, 31
Let c be ((-4)/2 + 2)/1. Suppose c = 3*g - 1 - 8. Suppose d = s - 3*s + 118, g*d - 2*s - 362 = 0. List the prime factors of d.
2, 3, 5
Let i(o) = 651*o + 6211. List the prime factors of i(77).
2, 17, 1657
Let g(t) = t**3 + 3*t**2 - 16*t + 13. Let l be g(-6). Let n be l/2*(-52)/(-2) + 1. List the prime factors of 9/(315/(-10)) + 452/n.
2
Let x(h) = 1838*h - 1574. What are the prime factors of x(9)?
2, 1871
Let k be 2/(-1) + (-32)/(-4). Let d be (2*12)/(k/(-4)). Let q = d - -38. List the prime factors of q.
2, 11
Suppose 141155 - 9293 = 3*c. Suppose -53*d + c = 3462. What are the prime factors of d?
2, 191
Let w(p) = -183*p - 9. Suppose -3*b + 10*b + 14 = 0. List the prime factors of w(b).
3, 7, 17
Suppose -5*q - 104*y + 60218 = -105*y, -q + y = -12038. List the prime factors of q.
3, 5, 11, 73
Let w(o) be the first derivative of 76*o**3 - o**2/2 - 2*o + 253. List the prime factors of w(-1).
227
Let v = -154 + 156. Suppose -2*m = -3*x + 779, v*m + 8 = -0. List the prime factors of x.
257
Let x = 2283 + 299. What are the prime factors of x?
2, 1291
Let g = -89714 + 135617. List the prime factors of g.
3, 11, 13, 107
Suppose -5*s - 8495 = 4*v - 65061, 4*v - 56506 = 5*s. What are the prime factors of v?
2, 37, 191
Let j(a) = a**3 - 19*a**2 + 20*a - 23. Let t(x) = 19*x**2 - 7*x - 7. Let n be t(-1). What are the prime factors of j(n)?
3, 7, 17
Suppose 0 = 2*a + a - 1764. Suppose -a = 9*w - 2073. What are the prime factors of -12*(2/(-4))/(11/w)?
2, 3, 5
Suppose k - 38 = -59. Let c(w) = -15*w + 22. List the prime factors of c(k).
337
Let c = -57 - -75. Suppose 2198 = c*q - 6802. List the prime factors of q.
2, 5
Let q = -78 - -526. Suppose 2*j - 454 = -0*j + a, -2*j + q = -4*a. List the prime factors of j.
2, 3, 19
Let p(n) = 2*n**2 + 7*n - 10. Let t be (-1)/((4 - 50/12)/(-1)). Let d be p(t). Suppose -k + 54 + d = 0. What are the prime factors of k?
2, 37
Let j = 22966 + -9256. What are the prime factors of j?
2, 3, 5, 457
Let r = 41251 - 22322. List the prime factors of r.
23, 823
Suppose 4*p - 64534 = 5*x, -48400 = -3*p + 426*x - 422*x. What are the prime factors of p?
2, 2017
Suppose 0 = -i - 36*q + 41*q + 7559, 3*q = 18. What are the prime factors of i?
7589
Let i(w) = -w**3 - 6 + 2*w**2 + 8*w**3 - 3*w + 5 + 4. What are the prime factors of i(3)?
3, 67
Suppose 3*b = 2*d - 3525, -5*b = -3*d + 6081 - 792. Let y = d + -976. List the prime factors of y.
2, 17, 23
Let u be 7 + -4 - (-1 + 0 + -187). Let x = u - -39. What are the prime factors of x?
2, 5, 23
Suppose 64*k - 278511 - 1339025 = 0. What are the prime factors of k?
2, 12637
Let w = -45243 + 68695. List the prime factors of w.
2, 11, 13, 41
Let v(p) = 13*p**2 - 12*p - 35. List the prime factors of v(16).
7, 443
Let t(l) = 2*l**2 + 15 - l**2 - 19 - 14*l + 41*l. Let r be t(-27). Let j(z) = 3*z**2 + 4*z - 1. What are the prime factors of j(r)?
31
Let a = 85 + -585. Let d = 838 + a. What are the prime factors of d?
2, 13
Suppose 6*z = -5*z + 7*z. Suppose -3*a - 2*a - 30 = z. What are the prime factors of a/3*(-2)/(-4)*-9?
3
Let a = 115 - 113. Suppose a*i - 122 = 2*m, -4*m - 177 = -i + 76. List the prime factors of (0 - m) + -6 + 2 + 3.
3, 7
Let r(z) = -80*z**3 + 11*z**2 - 13*z - 92. What are the prime factors of r(-5)?
2, 3, 7, 61
Suppose 0 = 3*b - 2*b - 837 - 444. List the prime factors of b.
3, 7, 61
What are the prime factors of ((-30)/18)/((-65)/358761)?
9199
Let i = -186 + 63. Let b = i - -304. List the prime factors of b.
181
Suppose -3*x = -2*j + x - 12, 0 = -2*j + 3*x - 8. Suppose 3*w = 12, j*r + 3*r = -5*w + 940. Suppose -21*m + 22*m - r = 0. What are the prime factors of m?
2, 23
Suppose 175 = 3*d + 4*d. Let n be d/(1 + -6) - 59. Let v = 0 - n. What are the prime factors of v?
2
Suppose 0 = r + 5*x - 5, 2*r + r + x = 15. Suppose -q = 5*v - 3*q - 55, -r*v = -q - 55. Let j(y) = 8*y - 14. What are the prime factors of j(v)?
2, 37
Let n = -52 + -4. Let u = n - -220. List the prime factors of u.
2, 41
Let x = 68613 + -42330. List the prime factors of x.
3, 8761
Suppose 8*g = 9 + 23. Suppose 0 = k + 2, 0 = 2*n + 3*n + g*k - 2. What are the prime factors of 38 + -3 + n + -2?
5, 7
Let v = 126 + -119. Let k be (250/70 - 4/v) + -6. List the prime factors of -2 + (2 - -202) + k.
199
Suppose 0 = 2*g - 4*t, 5 = -3*g + 3*t - 4. Let h(l) = 4*l**2 + 8*l + 14. Let y be h(g). Let j = -73 + y. What are the prime factors of j?
37
Let j(b) = 48*b**2 + 11*b - 14. Let s(r) = -32*r**2 - 7*r + 9. Let k(h) = -5*j(h) - 8*s(h). Let g be k(1). Let f = 89 - g. What are the pri